06d (base 15) to base 14.
-13a6
Convert 15907 (base 11) to base 2.
101011101111000
40026 (base 7) to base 10
9624
What is 2501 (base 6) in base 2?
1001100101
-12302 (base 8) to base 14
-1d18
-16648 (base 9) to base 6
-125025
What is -20250 (base 6) in base 12?
-1686
-22012 (base 4) to base 7
-1612
1241 (base 8) to base 13
3ca
What is -101000101 (base 2) in base 5?
-2300
-2221211010 (base 3) to base 14
-172c4
509b (base 12) to base 15
28de
What is 20320323 (base 4) in base 11?
253a1
54443 (base 6) to base 12
4423
113 (base 14) to base 7
423
Convert -6537 (base 8) to base 4.
-311133
Convert -ccb5 (base 16) to base 11.
-36411
Convert 3134 (base 14) to base 5.
232344
What is -2120210011 (base 3) in base 15?
-10117
3542 (base 8) to base 10
1890
21a7 (base 16) to base 9
12732
Convert -12041 (base 7) to base 8.
-6054
Convert -7c5 (base 14) to base 11.
-1185
-20123 (base 4) to base 7
-1400
Convert 7436 (base 12) to base 8.
30652
Convert 2100032 (base 5) to base 3.
1202011210
What is 136b (base 14) in base 3?
11200221
What is 7206 (base 9) in base 13?
2526
3ca (base 13) to base 14
361
126725 (base 9) to base 12
3877b
What is -16688 (base 10) in base 12?
-97a8
What is -425 (base 10) in base 7?
-1145
18133 (base 9) to base 15
3a89
What is 354b (base 14) in base 16?
243f
1325 (base 6) to base 9
418
Convert 162a (base 13) to base 14.
127d
What is -1000111111011 (base 2) in base 11?
-3505
Convert -3d5 (base 14) to base 3.
-1001201
What is -8733 (base 10) in base 16?
-221d
-1202112211 (base 3) to base 8
-103547
Convert 101101 (base 3) to base 13.
187
What is 2042312 (base 5) in base 3?
1201202022
Convert -20a62 (base 11) to base 3.
-1112220212
What is -1047 (base 9) in base 3?
-1001121
1006 (base 11) to base 10
1337
What is -52041 (base 8) in base 15?
-65ac
Convert 1031100 (base 4) to base 8.
11520
6617 (base 9) to base 13
22b1
Convert -1031 (base 5) to base 6.
-353
What is 582c (base 13) in base 2?
11000001010111
What is 172575 (base 8) in base 7?
351136
What is 10011011110 (base 2) in base 3?
1201011
-c9d (base 15) to base 12
-1794
What is 3362 (base 7) in base 3?
1200012
6814 (base 15) to base 9
33241
Convert 45114 (base 7) to base 4.
2301303
What is -6731 (base 8) in base 2?
-110111011001
Convert 30663 (base 10) to base 4.
13133013
What is 5a25 (base 11) in base 6?
100312
338 (base 15) to base 13
440
Convert -33005 (base 7) to base 9.
-12262
What is -10000101010001 (base 2) in base 11?
-6454
Convert 195 (base 15) to base 10.
365
-4412 (base 7) to base 15
-702
-1e2 (base 16) to base 6
-2122
Convert -19b (base 12) to base 9.
-322
What is -9017 (base 11) in base 4?
-2323131
What is -52443 (base 6) in base 11?
-535a
152553 (base 7) to base 12
15299
What is 13021 (base 5) in base 9?
1343
14 (base 12) to base 11
15
What is -46aa (base 12) in base 16?
-1ee2
What is 2200100 (base 3) in base 13?
b73
-505 (base 15) to base 4
-101222
Convert -2ce (base 15) to base 14.
-340
What is 23a7 (base 12) in base 11?
3020
-1323441 (base 5) to base 14
-9a66
What is -9d (base 15) in base 7?
-301
Convert 180 (base 13) to base 15.
133
100226 (base 7) to base 11
11797
What is -63d9 (base 14) in base 13?
-7b05
10131 (base 5) to base 4
22122
Convert 450 (base 7) to base 5.
1411
-1602 (base 7) to base 3
-212200
Convert 101111101000 (base 2) to base 14.
117a
Convert 1310 (base 5) to base 6.
541
What is 37b (base 13) in base 8?
1141
Convert 20332 (base 4) to base 16.
23e
What is b192 (base 16) in base 8?
130622
10001000011 (base 2) to base 9
1442
Convert -a539 (base 12) to base 15.
-5530
-1413 (base 10) to base 12
-999
What is -10415 (base 6) in base 11?
-10aa
-771 (base 16) to base 4
-131301
What is 30122 (base 5) in base 4?
131320
343 (base 10) to base 6
1331
-120111 (base 3) to base 14
-21c
100011110 (base 2) to base 4
10132
What is -101606 (base 7) in base 15?
-5285
Convert 85 (base 14) to base 12.
99
309b (base 12) to base 14
1d0b
Convert 9a1 (base 15) to base 6.
14024
1010101011011 (base 2) to base 4
1111123
Convert -214 (base 12) to base 16.
-130
Convert -213 (base 4) to base 5.
-124
129 (base 16) to base 11
250
1368 (base 10) to base 16
558
-12759 (base 13) to base 8
-102644
What is -31a (base 16) in base 13?
-491
Convert -151414 (base 7) to base 11.
-20073
-3117 (base 8) to base 14
-835
Convert 4216 (base 13) to base 4.
2032321
Convert -11001001 (base 4) to base 7.
-113620
-10000110110 (base 2) to base 16
-436
2111010 (base 3) to base 6
12220
What is 1110100110110 (base 2) in base 12?
43b2
What is -12023102 (base 4) in base 14?
-9310
10110 (base 6) to base 14
6b8
Convert -123032 (base 4) to base 8.
-3316
Convert -213231 (base 6) to base 15.
-5327
-33320 (base 5) to base 14
-bcb
What is -1203 (base 7) in base 14?
-23a
379 (base 14) to base 12
49b
What is -21a (base 12) in base 10?
-310
11002210 (base 3) to base 12
1893
Convert -36946 (base 11) to base 3.
-2200202202
What is 233312 (base 4) in base 14?
118a
Convert -4adc (base 15) to base 3.
-210220000
Convert 318 (base 13) to base 12.
380
652 (base 7) to base 15
171
Convert -112020212 (base 3) to base 14.
-3b03
10000001000 (base 2) to base 11
859
-4be (base 16) to base 15
-55e
Convert -1007 (base 9) to base 7.
-2101
What is -110001100101 (base 2) in base 7?
-12152
Convert 342 (base 9) to base 7.
551
What is 312 (base 12) in base 9?
545
-562 (base 8) to base 6
-1414
What is 11011001110 (base 2) in base 16?
6ce
Convert -404345 (base 6) to base 3.
-1122001002
What is -8095 (base 15) in base 14?
-9c68
12212 (base 3) to base 11
134
9ed (base 15) to base 12
1374
Convert 310 (base 12) to base 15.
1e9
What is -167 (base 11) in base 6?
-522
What is -123324 (base 6) in base 11?
-8408
What is -1405 (base 6) in base 5?
-2430
Convert 1214 (base 9) to base 4.
32020
What is 45 (base 14) in base 5?
221
What is 538 (base 9) in base 14?
236
What is 1750 (base 8) in base 13?
5bc
What is 4c0 (base 14) in base 5?
12302
Convert -2042303 (base 5) to base 12.
-1787a
What is 2a5 (base 11) in base 6?
1353
Convert -2c3 (base 13) to base 11.
-412
240 (base 10) to base 3
22220
431 (base 9) to base 15
187
-1a4 (base 16) to base 12
-2b0
-141242 (base 5) to base 10
-5822
Convert -6927 (base 16) to base 9.
-40830
Convert 8475 (base 12) to base 8.
34231
Convert 269 (base 12) to base 9.
450
Convert 2222 (base 7) to base 14.
412
What is 7dc (base 15) in base 2?
11011110110
Convert 102 (base 9) to base 11.
76
-103 (base 15) to base 12
-170
-3121101 (base 4) to base 7
-55353
Convert 130453 (base 6) to base 10.
11841
What is 10001110110101 (base 2) in base 3?
110112120
What is -2444 (base 8) in base 13?
-7a3
-3d36 (base 14) to base 16
-2a4c
What is -243005 (base 7) in base 2?
-1010110011011100
What is 10110100100 (base 2) in base 10?
1444
37754 (base 9) to base 10
25402
Convert 6353 (base 7) to base 4.
203003
-720 (base 13) to base 2
-10010111001
3200331 (base 5) to base 16
cfe0
Convert 13335 (base 6) to base 10.
2075
-5ad7 (base 14) to base 5
-1001434
Convert -14590 (base 10) to base 11.
-aa64
Convert 2344431 (base 5) to base 8.
125335
Convert -152d (base 16) to base 2.
-1010100101101
Convert -4900 (base 12) to base 8.
-20020
Convert 12031 (base 6) to base 13.
a45
6430 (base 8) to base 11
2578
Convert -29b (base 14) to base 15.
-254
13 (base 12) to base 6
23
-3422 (base 6) to base 5
-11211
Convert -2025 (base 6) to base 13.
-287
What is 599 (base 11) in base 3?
222102
24344 (base 7) to base 3
22201022
What is -156 (base 10) in base 4?
-2130
Convert -4a73 (base 15) to base 10.
-15858
What is -102333 (base 4) in base 11?
-a05
-20111 (base 5) to base 11
-a65
Convert -315541 (base 7) to base 10.
-54811
-1188 (base 10) to base 6
-5300
-123410 (base 6) to base 5
-324131
Convert -2356 (base 7) to base 16.
-36a
What is 2446 (base 11) in base 12?
1a24
-22335 (base 9) to base 16
-3a07
Convert -3213 (base 4) to base 9.
-276
What is 70 (base 10) in base 5?
240
Convert -120203 (base 4) to base 9.
-2135
What is -24991 (base 10) in base 5?
-1244431
Convert -102a (base 13) to base 5.
-32413
What is 14a9 (base 11) in base 13?
b5a
What is 224 (base 6) in base 9?
107
-4276 (base 8) to base 3
-10001220
147308 (base 9) to base 2
10110001000010111
-60556 (base 9) to base 10
-39822
What is 443 (base 8) in base 7?
564
-100010110001 (base 2) to base 7
-6326
Convert -ac (base 16) to b